{"id":280,"date":"2020-01-16T16:03:39","date_gmt":"2020-01-16T19:03:39","guid":{"rendered":"http:\/\/prodimage.com.br\/?page_id=280"},"modified":"2020-01-16T16:10:07","modified_gmt":"2020-01-16T19:10:07","slug":"empresa","status":"publish","type":"page","link":"https:\/\/prodimage.com.br\/?page_id=280","title":{"rendered":"Empresa"},"content":{"rendered":"\t\t<div data-elementor-type=\"wp-page\" data-elementor-id=\"280\" class=\"elementor elementor-280\">\n\t\t\t\t\t\t<div class=\"elementor-inner\">\n\t\t\t\t<div class=\"elementor-section-wrap\">\n\t\t\t\t\t\t\t\t\t<section class=\"elementor-section elementor-top-section elementor-element elementor-element-2440b40e elementor-section-full_width elementor-section-height-default elementor-section-height-default\" data-id=\"2440b40e\" data-element_type=\"section\" data-settings=\"{&quot;background_background&quot;:&quot;classic&quot;}\">\n\t\t\t\t\t\t\t<div class=\"elementor-background-overlay\"><\/div>\n\t\t\t\t\t\t\t<div class=\"elementor-container elementor-column-gap-default\">\n\t\t\t\t\t\t\t<div class=\"elementor-row\">\n\t\t\t\t\t<div class=\"elementor-column elementor-col-100 elementor-top-column elementor-element elementor-element-1b173392\" data-id=\"1b173392\" data-element_type=\"column\">\n\t\t\t<div class=\"elementor-column-wrap elementor-element-populated\">\n\t\t\t\t\t\t\t<div class=\"elementor-widget-wrap\">\n\t\t\t\t\t\t<section class=\"elementor-section elementor-inner-section elementor-element elementor-element-1b6b0047 elementor-section-boxed elementor-section-height-default elementor-section-height-default\" data-id=\"1b6b0047\" data-element_type=\"section\">\n\t\t\t\t\t\t<div class=\"elementor-container elementor-column-gap-default\">\n\t\t\t\t\t\t\t<div class=\"elementor-row\">\n\t\t\t\t\t<div class=\"elementor-column elementor-col-100 elementor-inner-column elementor-element elementor-element-111a2a6a\" data-id=\"111a2a6a\" data-element_type=\"column\">\n\t\t\t<div class=\"elementor-column-wrap elementor-element-populated\">\n\t\t\t\t\t\t\t<div class=\"elementor-widget-wrap\">\n\t\t\t\t\t\t<div class=\"elementor-element elementor-element-6151d9df elementor-widget elementor-widget-heading\" data-id=\"6151d9df\" data-element_type=\"widget\" data-widget_type=\"heading.default\">\n\t\t\t\t<div class=\"elementor-widget-container\">\n\t\t\t<h2 class=\"elementor-heading-title elementor-size-default\">Empresa<\/h2>\t\t<\/div>\n\t\t\t\t<\/div>\n\t\t\t\t\t\t<\/div>\n\t\t\t\t\t<\/div>\n\t\t<\/div>\n\t\t\t\t\t\t\t\t<\/div>\n\t\t\t\t\t<\/div>\n\t\t<\/section>\n\t\t\t\t\t\t<\/div>\n\t\t\t\t\t<\/div>\n\t\t<\/div>\n\t\t\t\t\t\t\t\t<\/div>\n\t\t\t\t\t<\/div>\n\t\t<\/section>\n\t\t\t\t<section class=\"elementor-section elementor-top-section elementor-element elementor-element-47b091a5 animated-slow elementor-section-boxed elementor-section-height-default elementor-section-height-default\" data-id=\"47b091a5\" data-element_type=\"section\" data-settings=\"{&quot;animation&quot;:&quot;none&quot;}\">\n\t\t\t\t\t\t<div class=\"elementor-container elementor-column-gap-default\">\n\t\t\t\t\t\t\t<div class=\"elementor-row\">\n\t\t\t\t\t<div class=\"elementor-column elementor-col-100 elementor-top-column elementor-element elementor-element-5b022065\" data-id=\"5b022065\" data-element_type=\"column\">\n\t\t\t<div class=\"elementor-column-wrap elementor-element-populated\">\n\t\t\t\t\t\t\t<div class=\"elementor-widget-wrap\">\n\t\t\t\t\t\t<div class=\"elementor-element elementor-element-96a09c6 elementor-widget elementor-widget-heading\" data-id=\"96a09c6\" data-element_type=\"widget\" data-widget_type=\"heading.default\">\n\t\t\t\t<div class=\"elementor-widget-container\">\n\t\t\t<h2 class=\"elementor-heading-title elementor-size-default\">\" Assegurar o atendimento das necessidades dos clientes, a satisfa\u00e7\u00e3o dos colaboradores, fornecedores e parceiros, atrav\u00e9s do fornecimento de solu\u00e7\u00f5es e Servi\u00e7os de alta tecnologia, priorizando o atendimento p\u00f3s-venda. \"<\/h2>\t\t<\/div>\n\t\t\t\t<\/div>\n\t\t\t\t<section class=\"elementor-section elementor-inner-section elementor-element elementor-element-2cbffe2b elementor-section-boxed elementor-section-height-default elementor-section-height-default\" data-id=\"2cbffe2b\" data-element_type=\"section\">\n\t\t\t\t\t\t<div class=\"elementor-container elementor-column-gap-default\">\n\t\t\t\t\t\t\t<div class=\"elementor-row\">\n\t\t\t\t\t<div class=\"elementor-column elementor-col-50 elementor-inner-column elementor-element elementor-element-7fa1c573\" data-id=\"7fa1c573\" data-element_type=\"column\">\n\t\t\t<div class=\"elementor-column-wrap elementor-element-populated\">\n\t\t\t\t\t\t\t<div class=\"elementor-widget-wrap\">\n\t\t\t\t\t\t<div class=\"elementor-element elementor-element-51aa24bd elementor-widget elementor-widget-text-editor\" data-id=\"51aa24bd\" data-element_type=\"widget\" data-widget_type=\"text-editor.default\">\n\t\t\t\t<div class=\"elementor-widget-container\">\n\t\t\t\t\t\t\t\t<div class=\"elementor-text-editor elementor-clearfix\">\n\t\t\t\t<p>\u00a0 \u00a0 A excel\u00eancia na presta\u00e7\u00e3o de servi\u00e7os faz da PRODimage\u00ae uma das empresas mais respeitadas do setor. Ela oferece solu\u00e7\u00f5es digitais em GED\/ECM, especialmente em\u00a0<em><strong>Enterprise Content Management e Document Imaging,<\/strong><\/em>\u00a0al\u00e9m de comercializar produtos com tecnologia de ponta e prestar consultoria e atendimento a empresas do mercado brasileiro.<\/p><p>\u00a0 \u00a0 Moderniza\u00e7\u00e3o, organiza\u00e7\u00e3o, produtividade e customiza\u00e7\u00e3o s\u00e3o tamb\u00e9m palavras-chave que definem a concep\u00e7\u00e3o e a aplica\u00e7\u00e3o de seus produtos e servi\u00e7os, sempre adequados \u00e0 necessidade de cada cliente e parceiro.<\/p><p>\u00a0 \u00a0Com o objetivo de atender a um mercado extremamente exigente, a PRODimage\u00ae oferece todas as vantagens que se pode ter ao lidar com uma empresa nacional. Seus clientes podem contar com uma equipe de profissionais altamente experientes, que est\u00e3o treinados para prestar os melhores servi\u00e7os de implementa\u00e7\u00e3o, treinamento, suporte e atendimento no prazo requerido por seus clientes.<\/p>\t\t\t\t\t<\/div>\n\t\t\t\t\t\t<\/div>\n\t\t\t\t<\/div>\n\t\t\t\t\t\t<\/div>\n\t\t\t\t\t<\/div>\n\t\t<\/div>\n\t\t\t\t<div class=\"elementor-column elementor-col-50 elementor-inner-column elementor-element elementor-element-5678cf30\" data-id=\"5678cf30\" data-element_type=\"column\">\n\t\t\t<div class=\"elementor-column-wrap elementor-element-populated\">\n\t\t\t\t\t\t\t<div class=\"elementor-widget-wrap\">\n\t\t\t\t\t\t<div class=\"elementor-element elementor-element-7ef95540 elementor-widget elementor-widget-image\" data-id=\"7ef95540\" data-element_type=\"widget\" data-widget_type=\"image.default\">\n\t\t\t\t<div class=\"elementor-widget-container\">\n\t\t\t\t\t\t\t\t<div class=\"elementor-image\">\n\t\t\t\t\t\t\t\t\t\t\t\t<img decoding=\"async\" src=\"https:\/\/prodimage.com.br\/wp-content\/uploads\/2020\/01\/undraw_features_overview_jg7a.svg\" class=\"attachment-full size-full\" alt=\"\" loading=\"lazy\" \/>\t\t\t\t\t\t\t\t\t\t\t\t\t\t<\/div>\n\t\t\t\t\t\t<\/div>\n\t\t\t\t<\/div>\n\t\t\t\t\t\t<\/div>\n\t\t\t\t\t<\/div>\n\t\t<\/div>\n\t\t\t\t\t\t\t\t<\/div>\n\t\t\t\t\t<\/div>\n\t\t<\/section>\n\t\t\t\t\t\t<\/div>\n\t\t\t\t\t<\/div>\n\t\t<\/div>\n\t\t\t\t\t\t\t\t<\/div>\n\t\t\t\t\t<\/div>\n\t\t<\/section>\n\t\t\t\t\t\t\t\t\t<\/div>\n\t\t\t<\/div>\n\t\t\t\t\t<\/div>\n\t\t","protected":false},"excerpt":{"rendered":"<p>Empresa &#8221; Assegurar o atendimento das necessidades dos clientes, a satisfa\u00e7\u00e3o dos colaboradores, fornecedores e parceiros, atrav\u00e9s do fornecimento de solu\u00e7\u00f5es e Servi\u00e7os de alta tecnologia, priorizando o atendimento p\u00f3s-venda. &#8220; \u00a0 \u00a0 A excel\u00eancia na presta\u00e7\u00e3o de servi\u00e7os faz da PRODimage\u00ae uma das empresas mais respeitadas do setor. Ela oferece solu\u00e7\u00f5es digitais em GED\/ECM, &hellip;<\/p>\n<p class=\"read-more\"> <a class=\"\" href=\"https:\/\/prodimage.com.br\/?page_id=280\"> <span class=\"screen-reader-text\">Empresa<\/span> Leia mais &raquo;<\/a><\/p>\n","protected":false},"author":1,"featured_media":0,"parent":0,"menu_order":0,"comment_status":"closed","ping_status":"closed","template":"","meta":[],"_links":{"self":[{"href":"https:\/\/prodimage.com.br\/index.php?rest_route=\/wp\/v2\/pages\/280"}],"collection":[{"href":"https:\/\/prodimage.com.br\/index.php?rest_route=\/wp\/v2\/pages"}],"about":[{"href":"https:\/\/prodimage.com.br\/index.php?rest_route=\/wp\/v2\/types\/page"}],"author":[{"embeddable":true,"href":"https:\/\/prodimage.com.br\/index.php?rest_route=\/wp\/v2\/users\/1"}],"replies":[{"embeddable":true,"href":"https:\/\/prodimage.com.br\/index.php?rest_route=%2Fwp%2Fv2%2Fcomments&post=280"}],"version-history":[{"count":4,"href":"https:\/\/prodimage.com.br\/index.php?rest_route=\/wp\/v2\/pages\/280\/revisions"}],"predecessor-version":[{"id":285,"href":"https:\/\/prodimage.com.br\/index.php?rest_route=\/wp\/v2\/pages\/280\/revisions\/285"}],"wp:attachment":[{"href":"https:\/\/prodimage.com.br\/index.php?rest_route=%2Fwp%2Fv2%2Fmedia&parent=280"}],"curies":[{"name":"wp","href":"https:\/\/api.w.org\/{rel}","templated":true}]}}