{"id":172,"date":"2020-01-09T16:22:23","date_gmt":"2020-01-09T19:22:23","guid":{"rendered":"http:\/\/prodimage.com.br\/?page_id=172"},"modified":"2020-02-20T14:58:30","modified_gmt":"2020-02-20T17:58:30","slug":"prodimage-producao","status":"publish","type":"page","link":"https:\/\/prodimage.com.br\/?page_id=172","title":{"rendered":"PRODimage Produ\u00e7\u00e3o"},"content":{"rendered":"\t\t<div data-elementor-type=\"wp-page\" data-elementor-id=\"172\" class=\"elementor elementor-172\">\n\t\t\t\t\t\t<div class=\"elementor-inner\">\n\t\t\t\t<div class=\"elementor-section-wrap\">\n\t\t\t\t\t\t\t\t\t<section class=\"elementor-section elementor-top-section elementor-element elementor-element-9049a3 elementor-section-full_width elementor-section-height-default elementor-section-height-default\" data-id=\"9049a3\" data-element_type=\"section\" data-settings=\"{&quot;background_background&quot;:&quot;classic&quot;}\">\n\t\t\t\t\t\t\t<div class=\"elementor-background-overlay\"><\/div>\n\t\t\t\t\t\t\t<div class=\"elementor-container elementor-column-gap-default\">\n\t\t\t\t\t\t\t<div class=\"elementor-row\">\n\t\t\t\t\t<div class=\"elementor-column elementor-col-100 elementor-top-column elementor-element elementor-element-5c8642db\" data-id=\"5c8642db\" data-element_type=\"column\">\n\t\t\t<div class=\"elementor-column-wrap elementor-element-populated\">\n\t\t\t\t\t\t\t<div class=\"elementor-widget-wrap\">\n\t\t\t\t\t\t<section class=\"elementor-section elementor-inner-section elementor-element elementor-element-466dfde0 elementor-section-boxed elementor-section-height-default elementor-section-height-default\" data-id=\"466dfde0\" data-element_type=\"section\">\n\t\t\t\t\t\t<div class=\"elementor-container elementor-column-gap-default\">\n\t\t\t\t\t\t\t<div class=\"elementor-row\">\n\t\t\t\t\t<div class=\"elementor-column elementor-col-100 elementor-inner-column elementor-element elementor-element-63a3f2be\" data-id=\"63a3f2be\" data-element_type=\"column\">\n\t\t\t<div class=\"elementor-column-wrap elementor-element-populated\">\n\t\t\t\t\t\t\t<div class=\"elementor-widget-wrap\">\n\t\t\t\t\t\t<div class=\"elementor-element elementor-element-2a41578b elementor-widget elementor-widget-heading\" data-id=\"2a41578b\" data-element_type=\"widget\" data-widget_type=\"heading.default\">\n\t\t\t\t<div class=\"elementor-widget-container\">\n\t\t\t<h2 class=\"elementor-heading-title elementor-size-default\">PRODimage Produ\u00e7\u00e3o<\/h2>\t\t<\/div>\n\t\t\t\t<\/div>\n\t\t\t\t\t\t<\/div>\n\t\t\t\t\t<\/div>\n\t\t<\/div>\n\t\t\t\t\t\t\t\t<\/div>\n\t\t\t\t\t<\/div>\n\t\t<\/section>\n\t\t\t\t\t\t<\/div>\n\t\t\t\t\t<\/div>\n\t\t<\/div>\n\t\t\t\t\t\t\t\t<\/div>\n\t\t\t\t\t<\/div>\n\t\t<\/section>\n\t\t\t\t<section class=\"elementor-section elementor-top-section elementor-element elementor-element-58b4f501 animated-slow elementor-section-boxed elementor-section-height-default elementor-section-height-default elementor-invisible\" data-id=\"58b4f501\" data-element_type=\"section\" data-settings=\"{&quot;animation&quot;:&quot;fadeInLeft&quot;}\">\n\t\t\t\t\t\t<div class=\"elementor-container elementor-column-gap-default\">\n\t\t\t\t\t\t\t<div class=\"elementor-row\">\n\t\t\t\t\t<div class=\"elementor-column elementor-col-100 elementor-top-column elementor-element elementor-element-2d7944dc\" data-id=\"2d7944dc\" data-element_type=\"column\">\n\t\t\t<div class=\"elementor-column-wrap elementor-element-populated\">\n\t\t\t\t\t\t\t<div class=\"elementor-widget-wrap\">\n\t\t\t\t\t\t<div class=\"elementor-element elementor-element-d06238c elementor-widget elementor-widget-heading\" data-id=\"d06238c\" data-element_type=\"widget\" data-widget_type=\"heading.default\">\n\t\t\t\t<div class=\"elementor-widget-container\">\n\t\t\t<h2 class=\"elementor-heading-title elementor-size-default\">A Solu\u00e7\u00e3o<\/h2>\t\t<\/div>\n\t\t\t\t<\/div>\n\t\t\t\t<section class=\"elementor-section elementor-inner-section elementor-element elementor-element-3b1165b4 elementor-section-boxed elementor-section-height-default elementor-section-height-default\" data-id=\"3b1165b4\" data-element_type=\"section\">\n\t\t\t\t\t\t<div class=\"elementor-container elementor-column-gap-default\">\n\t\t\t\t\t\t\t<div class=\"elementor-row\">\n\t\t\t\t\t<div class=\"elementor-column elementor-col-50 elementor-inner-column elementor-element elementor-element-3aee6b9d\" data-id=\"3aee6b9d\" data-element_type=\"column\">\n\t\t\t<div class=\"elementor-column-wrap elementor-element-populated\">\n\t\t\t\t\t\t\t<div class=\"elementor-widget-wrap\">\n\t\t\t\t\t\t<div class=\"elementor-element elementor-element-1ce86b6c elementor-widget elementor-widget-text-editor\" data-id=\"1ce86b6c\" data-element_type=\"widget\" data-widget_type=\"text-editor.default\">\n\t\t\t\t<div class=\"elementor-widget-container\">\n\t\t\t\t\t\t\t\t<div class=\"elementor-text-editor elementor-clearfix\">\n\t\t\t\t<p>\u00a0 \u00a0 O sistema PRODimage Produ\u00e7\u00e3o \u00e9 ideal para transforma todas suas m\u00eddias f\u00edsicas em imagens digitais com a m\u00e1xima efici\u00eancia e qualidade. Indicado para grandes volumes de documentos com capacidade para fazer mais de 2 milh\u00f5es de imagens por dia sem perder desempenho ou qualidade na imagem gerada. Para isso conta com o processamento da imagem no ato da digitaliza\u00e7\u00e3o onde executa mais de 40 processamentos para entregar uma imagem com qualidade sem perca de informa\u00e7\u00e3o<\/p>\t\t\t\t\t<\/div>\n\t\t\t\t\t\t<\/div>\n\t\t\t\t<\/div>\n\t\t\t\t\t\t<\/div>\n\t\t\t\t\t<\/div>\n\t\t<\/div>\n\t\t\t\t<div class=\"elementor-column elementor-col-50 elementor-inner-column elementor-element elementor-element-b62fbd8\" data-id=\"b62fbd8\" data-element_type=\"column\">\n\t\t\t<div class=\"elementor-column-wrap elementor-element-populated\">\n\t\t\t\t\t\t\t<div class=\"elementor-widget-wrap\">\n\t\t\t\t\t\t<div class=\"elementor-element elementor-element-d6c9e31 elementor-widget elementor-widget-image\" data-id=\"d6c9e31\" data-element_type=\"widget\" data-widget_type=\"image.default\">\n\t\t\t\t<div class=\"elementor-widget-container\">\n\t\t\t\t\t\t\t\t<div class=\"elementor-image\">\n\t\t\t\t\t\t\t\t\t\t\t\t<img decoding=\"async\" src=\"https:\/\/prodimage.com.br\/wp-content\/uploads\/2020\/01\/undraw_folder_39kl.svg\" class=\"attachment-full size-full\" alt=\"\" loading=\"lazy\" \/>\t\t\t\t\t\t\t\t\t\t\t\t\t\t<\/div>\n\t\t\t\t\t\t<\/div>\n\t\t\t\t<\/div>\n\t\t\t\t\t\t<\/div>\n\t\t\t\t\t<\/div>\n\t\t<\/div>\n\t\t\t\t\t\t\t\t<\/div>\n\t\t\t\t\t<\/div>\n\t\t<\/section>\n\t\t\t\t\t\t<\/div>\n\t\t\t\t\t<\/div>\n\t\t<\/div>\n\t\t\t\t\t\t\t\t<\/div>\n\t\t\t\t\t<\/div>\n\t\t<\/section>\n\t\t\t\t<section class=\"elementor-section elementor-top-section elementor-element elementor-element-53ac6744 elementor-section-height-min-height animated-slow elementor-section-boxed elementor-section-height-default elementor-section-items-middle elementor-invisible\" data-id=\"53ac6744\" data-element_type=\"section\" data-settings=\"{&quot;background_background&quot;:&quot;classic&quot;,&quot;animation&quot;:&quot;fadeInRight&quot;,&quot;animation_delay&quot;:300}\">\n\t\t\t\t\t\t<div class=\"elementor-container elementor-column-gap-default\">\n\t\t\t\t\t\t\t<div class=\"elementor-row\">\n\t\t\t\t\t<div class=\"elementor-column elementor-col-100 elementor-top-column elementor-element elementor-element-6dfa376c\" data-id=\"6dfa376c\" data-element_type=\"column\" data-settings=\"{&quot;background_background&quot;:&quot;classic&quot;}\">\n\t\t\t<div class=\"elementor-column-wrap elementor-element-populated\">\n\t\t\t\t\t\t\t<div class=\"elementor-widget-wrap\">\n\t\t\t\t\t\t<div class=\"elementor-element elementor-element-fbb7f8f elementor-widget elementor-widget-heading\" data-id=\"fbb7f8f\" data-element_type=\"widget\" data-widget_type=\"heading.default\">\n\t\t\t\t<div class=\"elementor-widget-container\">\n\t\t\t<h2 class=\"elementor-heading-title elementor-size-default\">Automa\u00e7\u00e3o e Customiza\u00e7\u00e3o<\/h2>\t\t<\/div>\n\t\t\t\t<\/div>\n\t\t\t\t<section class=\"elementor-section elementor-inner-section elementor-element elementor-element-456b754c elementor-section-boxed elementor-section-height-default elementor-section-height-default\" data-id=\"456b754c\" data-element_type=\"section\">\n\t\t\t\t\t\t<div class=\"elementor-container elementor-column-gap-default\">\n\t\t\t\t\t\t\t<div class=\"elementor-row\">\n\t\t\t\t\t<div class=\"elementor-column elementor-col-50 elementor-inner-column elementor-element elementor-element-498faf95\" data-id=\"498faf95\" data-element_type=\"column\">\n\t\t\t<div class=\"elementor-column-wrap elementor-element-populated\">\n\t\t\t\t\t\t\t<div class=\"elementor-widget-wrap\">\n\t\t\t\t\t\t<div class=\"elementor-element elementor-element-78cd3f63 elementor-widget elementor-widget-image\" data-id=\"78cd3f63\" data-element_type=\"widget\" data-widget_type=\"image.default\">\n\t\t\t\t<div class=\"elementor-widget-container\">\n\t\t\t\t\t\t\t\t<div class=\"elementor-image\">\n\t\t\t\t\t\t\t\t\t\t\t\t<img decoding=\"async\" src=\"https:\/\/prodimage.com.br\/wp-content\/uploads\/2020\/01\/creative-team.svg\" title=\"creative-team\" alt=\"creative-team\" \/>\t\t\t\t\t\t\t\t\t\t\t\t\t\t<\/div>\n\t\t\t\t\t\t<\/div>\n\t\t\t\t<\/div>\n\t\t\t\t\t\t<\/div>\n\t\t\t\t\t<\/div>\n\t\t<\/div>\n\t\t\t\t<div class=\"elementor-column elementor-col-50 elementor-inner-column elementor-element elementor-element-11b88913\" data-id=\"11b88913\" data-element_type=\"column\">\n\t\t\t<div class=\"elementor-column-wrap elementor-element-populated\">\n\t\t\t\t\t\t\t<div class=\"elementor-widget-wrap\">\n\t\t\t\t\t\t<div class=\"elementor-element elementor-element-39ce8e15 elementor-widget elementor-widget-text-editor\" data-id=\"39ce8e15\" data-element_type=\"widget\" data-widget_type=\"text-editor.default\">\n\t\t\t\t<div class=\"elementor-widget-container\">\n\t\t\t\t\t\t\t\t<div class=\"elementor-text-editor elementor-clearfix\">\n\t\t\t\t<p>\u00a0 \u00a0 Com diversos recursos para automa\u00e7\u00e3o do processo de digitaliza\u00e7\u00e3o o PRODimage produ\u00e7\u00e3o se ad\u00e9qua a qualquer seguimento do mercado reduzindo custos e aumentando a produ\u00e7\u00e3o de uma linha de digitaliza\u00e7\u00e3o de documentos significantemente. O processo de digitaliza\u00e7\u00e3o \u00e9 controlado por fluxos criados de acordo com a necessidade do cliente, onde se cria m\u00f3dulos para cada fase do processo de digitaliza\u00e7\u00e3o. Tudo isso feito de forma r\u00e1pida e simples.<\/p>\t\t\t\t\t<\/div>\n\t\t\t\t\t\t<\/div>\n\t\t\t\t<\/div>\n\t\t\t\t\t\t<\/div>\n\t\t\t\t\t<\/div>\n\t\t<\/div>\n\t\t\t\t\t\t\t\t<\/div>\n\t\t\t\t\t<\/div>\n\t\t<\/section>\n\t\t\t\t\t\t<\/div>\n\t\t\t\t\t<\/div>\n\t\t<\/div>\n\t\t\t\t\t\t\t\t<\/div>\n\t\t\t\t\t<\/div>\n\t\t<\/section>\n\t\t\t\t<section class=\"elementor-section elementor-top-section elementor-element elementor-element-3448ab17 animated-slow elementor-section-boxed elementor-section-height-default elementor-section-height-default elementor-invisible\" data-id=\"3448ab17\" data-element_type=\"section\" data-settings=\"{&quot;animation&quot;:&quot;fadeInLeft&quot;}\">\n\t\t\t\t\t\t<div class=\"elementor-container elementor-column-gap-default\">\n\t\t\t\t\t\t\t<div class=\"elementor-row\">\n\t\t\t\t\t<div class=\"elementor-column elementor-col-100 elementor-top-column elementor-element elementor-element-1f285e55\" data-id=\"1f285e55\" data-element_type=\"column\">\n\t\t\t<div class=\"elementor-column-wrap elementor-element-populated\">\n\t\t\t\t\t\t\t<div class=\"elementor-widget-wrap\">\n\t\t\t\t\t\t<div class=\"elementor-element elementor-element-50322da0 elementor-widget elementor-widget-heading\" data-id=\"50322da0\" data-element_type=\"widget\" data-widget_type=\"heading.default\">\n\t\t\t\t<div class=\"elementor-widget-container\">\n\t\t\t<h2 class=\"elementor-heading-title elementor-size-default\">Principais Caracter\u00edsticas<\/h2>\t\t<\/div>\n\t\t\t\t<\/div>\n\t\t\t\t<section class=\"elementor-section elementor-inner-section elementor-element elementor-element-1310d04c elementor-section-boxed elementor-section-height-default elementor-section-height-default\" data-id=\"1310d04c\" data-element_type=\"section\">\n\t\t\t\t\t\t<div class=\"elementor-container elementor-column-gap-default\">\n\t\t\t\t\t\t\t<div class=\"elementor-row\">\n\t\t\t\t\t<div class=\"elementor-column elementor-col-50 elementor-inner-column elementor-element elementor-element-22add1a0\" data-id=\"22add1a0\" data-element_type=\"column\">\n\t\t\t<div class=\"elementor-column-wrap elementor-element-populated\">\n\t\t\t\t\t\t\t<div class=\"elementor-widget-wrap\">\n\t\t\t\t\t\t<div class=\"elementor-element elementor-element-57861e1f elementor-widget elementor-widget-text-editor\" data-id=\"57861e1f\" data-element_type=\"widget\" data-widget_type=\"text-editor.default\">\n\t\t\t\t<div class=\"elementor-widget-container\">\n\t\t\t\t\t\t\t\t<div class=\"elementor-text-editor elementor-clearfix\">\n\t\t\t\t<ul><li><b>Processamento de imagem:<\/b> recorte autom\u00e1tico, remo\u00e7\u00e3o de bordas, convers\u00e3o para preto e branco e tons de cinza, orienta\u00e7\u00e3o autom\u00e1tica, alinhamento autom\u00e1tico, leitura de c\u00f3digo de barras, limpeza da imagem.<\/li><li><b>Tipo de arquivos gerados:<\/b> PDF e\u00a0<span style=\"font-size: 15px; font-style: normal; font-weight: 400;\">PDF\/A uma p\u00e1gina ou multi-p\u00e1ginas com a op\u00e7\u00e3o de ser pesquis\u00e1vel;\u00a0<\/span>TIFF uma p\u00e1gina ou multi-p\u00e1gina; JPEG; PNG; XML; arquivos de dados em texto ou Access.\u00a0<\/li><li><b>Compatibilidade de scanners:<\/b> compat\u00edvel com scanners com interfaces TWAIN e ISIS.<\/li><li><b>Integra\u00e7\u00e3o com outros sistemas:<\/b> possibilita a integra\u00e7\u00e3o com outros sistemas atrav\u00e9s de web services.<\/li><li><b>Est\u00e1ticas de produtividade:<\/b> gera\u00e7\u00e3o de estat\u00edsticas da produ\u00e7\u00e3o em tempo real podendo os dados gerados serem exportados para arquivo Excel ou CSV.<\/li><li><b>Conex\u00e3o com bases externas:<\/b> acesso a bases externas de dados para consulta ou inser\u00e7\u00e3o de dados para os principais sistemas de banco de dados.<\/li><li style=\"font-size: 15px;\"><b>OCR<\/b><\/li><li style=\"font-size: 15px;\"><b>Leitura de c\u00f3digos de barras de diversos formatos<\/b><\/li><li style=\"font-size: 15px;\"><span style=\"font-weight: bold;\">Assinatura digital de documento de acordo com ICP-Brasil<\/span><\/li><li style=\"font-size: 15px;\"><b>OMR<\/b><\/li><li style=\"font-size: 15px;\"><b>ICR<\/b><\/li><li style=\"font-size: 15px;\"><b>CMC7<\/b><\/li><li style=\"font-size: 15px;\"><b>Identifica\u00e7\u00e3o de autom\u00e1tica de tipo de documento por layout e palavra-chave<\/b><\/li><li style=\"font-size: 15px;\"><b>Controle de acesso com usu\u00e1rio e senha<\/b><\/li><li style=\"font-size: 15px;\"><b>Perfis de digitaliza\u00e7\u00e3o<\/b><\/li><li style=\"font-size: 15px;\"><b>Logs de auditoria<\/b><\/li><li style=\"font-size: 15px;\"><b>Compat\u00edvel com Windows 7, 8, 10 e Windows Server 2008 , 2012, 2016, 2019<br \/><\/b><\/li><\/ul>\t\t\t\t\t<\/div>\n\t\t\t\t\t\t<\/div>\n\t\t\t\t<\/div>\n\t\t\t\t\t\t<\/div>\n\t\t\t\t\t<\/div>\n\t\t<\/div>\n\t\t\t\t<div class=\"elementor-column elementor-col-50 elementor-inner-column elementor-element elementor-element-6c5f812a\" data-id=\"6c5f812a\" data-element_type=\"column\">\n\t\t\t<div class=\"elementor-column-wrap elementor-element-populated\">\n\t\t\t\t\t\t\t<div class=\"elementor-widget-wrap\">\n\t\t\t\t\t\t<div class=\"elementor-element elementor-element-53dcc03b elementor-widget elementor-widget-image\" data-id=\"53dcc03b\" data-element_type=\"widget\" data-widget_type=\"image.default\">\n\t\t\t\t<div class=\"elementor-widget-container\">\n\t\t\t\t\t\t\t\t<div class=\"elementor-image\">\n\t\t\t\t\t\t\t\t\t\t\t\t<img decoding=\"async\" src=\"https:\/\/prodimage.com.br\/wp-content\/uploads\/2020\/01\/to-do-list.svg\" class=\"attachment-full size-full\" alt=\"\" loading=\"lazy\" \/>\t\t\t\t\t\t\t\t\t\t\t\t\t\t<\/div>\n\t\t\t\t\t\t<\/div>\n\t\t\t\t<\/div>\n\t\t\t\t\t\t<\/div>\n\t\t\t\t\t<\/div>\n\t\t<\/div>\n\t\t\t\t\t\t\t\t<\/div>\n\t\t\t\t\t<\/div>\n\t\t<\/section>\n\t\t\t\t\t\t<\/div>\n\t\t\t\t\t<\/div>\n\t\t<\/div>\n\t\t\t\t\t\t\t\t<\/div>\n\t\t\t\t\t<\/div>\n\t\t<\/section>\n\t\t\t\t\t\t\t\t\t<\/div>\n\t\t\t<\/div>\n\t\t\t\t\t<\/div>\n\t\t","protected":false},"excerpt":{"rendered":"<p>PRODimage Produ\u00e7\u00e3o A Solu\u00e7\u00e3o \u00a0 \u00a0 O sistema PRODimage Produ\u00e7\u00e3o \u00e9 ideal para transforma todas suas m\u00eddias f\u00edsicas em imagens digitais com a m\u00e1xima efici\u00eancia e qualidade. Indicado para grandes volumes de documentos com capacidade para fazer mais de 2 milh\u00f5es de imagens por dia sem perder desempenho ou qualidade na imagem gerada. Para isso &hellip;<\/p>\n<p class=\"read-more\"> <a class=\"\" href=\"https:\/\/prodimage.com.br\/?page_id=172\"> <span class=\"screen-reader-text\">PRODimage Produ\u00e7\u00e3o<\/span> Leia mais &raquo;<\/a><\/p>\n","protected":false},"author":1,"featured_media":0,"parent":0,"menu_order":0,"comment_status":"closed","ping_status":"closed","template":"","meta":[],"_links":{"self":[{"href":"https:\/\/prodimage.com.br\/index.php?rest_route=\/wp\/v2\/pages\/172"}],"collection":[{"href":"https:\/\/prodimage.com.br\/index.php?rest_route=\/wp\/v2\/pages"}],"about":[{"href":"https:\/\/prodimage.com.br\/index.php?rest_route=\/wp\/v2\/types\/page"}],"author":[{"embeddable":true,"href":"https:\/\/prodimage.com.br\/index.php?rest_route=\/wp\/v2\/users\/1"}],"replies":[{"embeddable":true,"href":"https:\/\/prodimage.com.br\/index.php?rest_route=%2Fwp%2Fv2%2Fcomments&post=172"}],"version-history":[{"count":20,"href":"https:\/\/prodimage.com.br\/index.php?rest_route=\/wp\/v2\/pages\/172\/revisions"}],"predecessor-version":[{"id":295,"href":"https:\/\/prodimage.com.br\/index.php?rest_route=\/wp\/v2\/pages\/172\/revisions\/295"}],"wp:attachment":[{"href":"https:\/\/prodimage.com.br\/index.php?rest_route=%2Fwp%2Fv2%2Fmedia&parent=172"}],"curies":[{"name":"wp","href":"https:\/\/api.w.org\/{rel}","templated":true}]}}